 -5*g - z = -569. What are the prime factors of g?
2, 7
List the prime factors of -2*1245/(-20)*74.
3, 37, 83
Let j be (-1 - (8 - 4))/((-1)/(-2)). Let g = 133 + j. List the prime factors of g.
3, 41
Let o be (1 + 4)*4/10. Suppose -o*w - 3*l = 3*w - 48, 3 = 3*l. What are the prime factors of (36/30)/(w/690)?
2, 23
What are the prime factors of 65/(-20) + 475045/20?
11, 17, 127
Let b be (2 - 11 - -6)*(8 + -3). List the prime factors of (-2856)/85*b/2.
2, 3, 7
Suppose 0 = -7*v + 4088 + 10171. Suppose 18*j + v = 25*j. List the prime factors of j.
3, 97
Suppose 9 = 7*o - 26. Let v(h) = 37*h - 19. What are the prime factors of v(o)?
2, 83
Let h(m) be the second derivative of 19*m**3 + 49*m**2 - 19*m - 6. What are the prime factors of h(9)?
2, 281
Let a(p) = -p**3 + 7*p**2 - 5*p - 1. Let v be a(6). Suppose 4*d - 5*n = -89, 5*n - 116 + 6 = v*d. What are the prime factors of (-520)/(-28) + 12/d?
2, 3
Let i(s) be the third derivative of -s**5/20 - 2*s**4/3 + 13*s**3/3 - 43*s**2. Let h be i(-9). Let b = 163 + h. List the prime factors of b.
2, 3, 5
Suppose 230 = 4*b - 5*c - 1202, 0 = -3*b - 5*c + 1074. Let i(l) = -29*l + 29. Let k be i(8). Let d = k + b. List the prime factors of d.
5, 31
Let x(q) = -3*q**3 - 17*q**2 - q + 11. Let n be x(-7). Let l be 9/(((-45)/(-114))/(-5)). Let p = l + n. What are the prime factors of p?
2, 5
Let u be 3/(-12) + ((-35)/4)/1. Let o(z) = 4*z**2 - 2*z - 52. What are the prime factors of o(u)?
2, 5, 29
Let k(o) = o**3 + 32*o**2 - 55*o + 305. List the prime factors of k(-28).
17, 293
Suppose 21*x = 17*x + 8. Suppose 0 = x*z + 2*z - 44. Let d(l) = l + 8. What are the prime factors of d(z)?
19
What are the prime factors of ((-294)/231)/(-7) + (-67406)/(-11)?
2, 383
Let b(y) = -1 - 6*y - 3 - 12 + 3*y**2 + 2. Let f be -2*(3 + (-1 - 4)). What are the prime factors of b(f)?
2, 5
Suppose 0 = 2*c + 5*a - 8*a - 1822, -c + 909 = -a. Suppose 3*z + x = 6*z - 1364, -2*z + 5*x + c = 0. What are the prime factors of z?
5, 7, 13
Suppose -10678*z - 499200 = -10688*z. List the prime factors of z.
2, 3, 5, 13
Let f be (-6)/1 + (-3 - -9). What are the prime factors of 8/2 - (-256 - f/(-3))?
2, 5, 13
Let r = -17 + 28. Suppose r*n - 482 - 24 = 0. What are the prime factors of n?
2, 23
Let q = 333 - 337. What are the prime factors of (54/q)/((-8)/(-1472)*-6)?
2, 3, 23
Let w = -13326 + 31391. List the prime factors of w.
5, 3613
Let o = -696 + 701. Suppose 9*a + 3630 = 4*k + 7*a, -2*k + o*a = -1811. What are the prime factors of k?
2, 227
Suppose 145 = -11*p + 16*p. Suppose -p*o + 40*o = 9097. List the prime factors of o.
827
Suppose -23 = 11*v - 133. Suppose -176 = 6*h - v*h. Let c = 66 + h. List the prime factors of c.
2, 5, 11
Let k(f) = -9919*f + 3382. What are the prime factors of k(-4)?
2, 21529
Let m = -71 + 77. Suppose -m = q - 9. Suppose -r + b = -37, q*b + 31 + 45 = 2*r. List the prime factors of r.
5, 7
Let q = 12535 - -6408. List the prime factors of q.
19, 997
Suppose -10*v + 73 = -17. Suppose v*r + 4*r = 1144. What are the prime factors of r?
2, 11
Suppose -2120 = -f + 3*m, 30*f - 33*f + m = -6352. What are the prime factors of f?
29, 73
Let j(v) = 57*v**2 - 2574. Let s(i) = 7*i**2 - 322. Let u(d) = 4*j(d) - 33*s(d). Let h be u(0). List the prime factors of h/4 + (-1)/(-10)*-5.
2, 41
Suppose 0 = -14*a - 18 - 38. List the prime factors of (-2586)/(-30) - a/(-20).
2, 43
Let c(l) be the second derivative of -l**5/20 + 25*l**4/12 + 47*l**3/6 + 22*l**2 - 6*l - 1. List the prime factors of c(26).
2, 5, 59
Let y = 189 - 156. What are the prime factors of (-9)/(-5)*4070/y?
2, 3, 37
Let t(n) = -n**2 - 6*n + 10. Let s be t(-7). Let y be 3 - (s - (-3 - (-144)/(-4))). Let o = 125 + y. List the prime factors of o.
2, 43
What are the prime factors of -241*45*260/(-156)?
3, 5, 241
Let g be 3/(-42)*2 - 250/(-35). Suppose g*y + 2*y + 0*y = 0. Suppose y = w + 2*w - 162. What are the prime factors of w?
2, 3
Let x(l) = l**3 - l**2 + l. Let g be x(1). Let d be (5*-1)/(g/4*-4). What are the prime factors of (-1450)/(-10) + d/1?
2, 3, 5
Let f(l) = -l**3 - 167*l**2 - 2143*l + 432. List the prime factors of f(-153).
3, 5, 13
Let s(b) = -2560*b - b**2 + 2 + 2565*b - b**3 - 6. Suppose 4*t - 28 = 6*t + 4*j, 22 = -3*t - j. What are the prime factors of s(t)?
2, 73
Let z(w) = 86*w**2 - 109*w - 293. List the prime factors of z(20).
7, 4561
Let c be (4/2 + -1)/(1/162). Let d = c - -39. Suppose -b = -4*b + d. List the prime factors of b.
67
Let m = 24912 - 8286. List the prime factors of m.
2, 3, 17, 163
Let o be -5 - ((-152)/36 + 10/45). Let u(d) = 1004*d**2 - 3*d - 6. List the prime factors of u(o).
7, 11, 13
Let k = -2794 + 20643. List the prime factors of k.
13, 1373
Let r(l) = -7*l - 4. Let u be r(-6). Let p(y) = 237*y - 2844. Let w be p(12). Suppose w = -j + 2*j - u. What are the prime factors of j?
2, 19
Suppose -2*m + 44930 = 4*x, 3*m - 438*x + 434*x = 67325. List the prime factors of m.
11, 13, 157
Suppose 0 = -u - 4*u - 80. Let f = u + 25. Suppose -f*v - 77 = -10*v. What are the prime factors of v?
7, 11
Suppose 0 = -15*w + 5*w - 170. Let k(h) = 3*h - 9*h - 5*h - 2 + 12. List the prime factors of k(w).
197
List the prime factors of 56559/21 - (-150)/(-525).
2693
Let w be -1*(-14 + (-4)/(-1)). Suppose 3*q + z = 15 - 1, -w = -3*q - 5*z. Suppose -3*m = q*h - 449, -2*h + 2*m + 277 = h. What are the prime factors of h?
7, 13
Let i be 4*3/2*20/12. Let u = i - -9. Suppose -2*g = -139 + u. List the prime factors of g.
2, 3, 5
Suppose 0 = -2*o + 8178 + 600. What are the prime factors of o?
3, 7, 11, 19
Let b(k) = -220*k + 2077. List the prime factors of b(-20).
3, 17, 127
Let g(l) = l**3 - 3*l**2 + 6*l - 3. Let c be g(3). Let q(p) = -2*p**2 + 77*p - 17. List the prime factors of q(c).
2, 43
Let w(a) = -a**3 - 23*a**2 + 3*a - 1140. List the prime factors of w(-33).
3, 3217
Let t = 31424 + -762. List the prime factors of t.
2, 15331
Suppose -3*m = 3*d + 1698, -2*m + 110 = -2*d + 1222. Let s = 817 + m. Suppose 0*c = -2*n + 2*c + s, 0 = -3*n + 2*c + 380. List the prime factors of n.
2, 31
Let u(v) = -35*v + 5. Let t(w) = -w**3 - 5*w**2 + 9. Let x be t(-3). Let i(q) = 18*q - 2. Let d(z) = x*i(z) - 4*u(z). List the prime factors of d(-2).
2, 3, 7
Let g = 153 + -151. Suppose -2*a + 4*x = -1060, 3*a - 2685 = -g*a + 3*x. What are the prime factors of a?
2, 3, 5
Let z = -58336 + 115124. What are the prime factors of z?
2, 14197
Let v = 190 - 194. What are the prime factors of (-887)/(v/22 + (-108)/132)?
887
Suppose 7*v + 5 = -65. What are the prime factors of (-5)/(25/v)*188?
2, 47
Let g = 4839 - 1119. What are the prime factors of g?
2, 3, 5, 31
Let c = 416 + -269. Let t(j) = -7 - 1 + c*j + 7 - 3. What are the prime factors of t(1)?
11, 13
Let c = 0 - 7. Let q be 640/c - 18/(-42). Let v = q + 151. List the prime factors of v.
2, 3, 5
Suppose -33*i = 18 - 150. List the prime factors of 882675/525 - i/14.
41
Let k(l) = l**2 - 21*l + 91. Let n be k(14). Let v(z) = -94*z - 44. What are the prime factors of v(n)?
2, 307
Let s be 8/24 + (-206)/6. Let l = s + 37. Suppose l*p - 197 = 58. What are the prime factors of p?
5, 17
Let p = -7012 + 14199. What are the prime factors of p?
7187
What are the prime factors of -6 + 439014/21 + (-51)/119?
20899
Suppose -9525547 = -265*l + 5418068. List the prime factors of l.
3, 18797
Let m(c) = -c**2 + 47*c + 40. Let h be m(38). Let s = h + -125. List the prime factors of s.
257
Let m(x) = x**2 - 3*x + 1. Let n be m(4). Suppose -19*b + 24*b = 3*f - 37, 5*f - 3*b = 35. Suppose -82 = -n*a + f*a. List the prime factors of a.
2, 41
Let k be (-3)/(-1)*160/96. Suppose -4*z + 1 = -3. What are the prime factors of k*(z + 87)/(-4 - -9)?
2, 11
Suppose -11*i + 36 = -30. What are the prime factors of (-13398)/(-28)*8/i?
2, 11, 29
Let o(z) = -5*z**2 + 617*z - 486. List the prime factors of o(108).
2, 3, 5, 29
Suppose -12*b + 5 = -31. Suppose -d + 943 = b*r, -4*r - 5*d = -2*d - 1254. List the prime factors of r.
3, 5, 7
Suppose -a + 3*u - 71 = 0, -2*u = 4*a + 105 + 123. Let j = -54 - a. Suppose -5*n + 40 = -f - 4*f, -j*f = 4*n - 5. List the prime factors of n.
5
Suppose -39*u + 1288634 = 161*u - 1694766. What are the prime factors of u?
7, 2131
Let a be (-9937)/(-57) - (2 + 16/(-6)). Let j = a - 48. Let d = 225 - j. What are the prime factors of d?
2, 